-6). List the prime factors of d(v).
5, 17
Suppose r - 4*u = 13 - 4, -3*r = -3*u - 27. Suppose -32 = -13*w + r*w. List the prime factors of w.
2
Suppose -21 + 9 = -2*r. Let s = 4 - 1. Suppose -3*j + 5 = u, r*j + 79 = 5*u + s*j. List the prime factors of u.
2, 7
Suppose -2*b + 458 = 26. What are the prime factors of b?
2, 3
Let c(g) = -16*g + 3. Let t(q) = -5*q**2 + 1. Let j be t(1). What are the prime factors of c(j)?
67
Let m = 61 - 56. Let k = 15 - -8. Suppose k + m = b. What are the prime factors of b?
2, 7
Let u be 8/(-32)*-2 + (-1642)/4. Let g = 645 + u. List the prime factors of g.
5, 47
Let l be ((-27)/12)/(9/(-24)). Let b be (-2)/l + 4/12. Suppose -5*n - 3*g + 22 = 0, b*n - 3*g + 2 = n. List the prime factors of n.
5
Suppose -2*p - 11202 = 5*a - 29805, -3 = 3*p. What are the prime factors of a?
61
Suppose t + 0*s = -5*s - 3, 9 = 3*t - 3*s. Let p(n) = -3*n**3 + 0 - 3 + t*n**3 - 1 - n. What are the prime factors of p(-3)?
2, 13
Let i be 1 - (3 + -16 - -1). Suppose 0 = -6*b + 7*b - i. List the prime factors of b.
13
What are the prime factors of (12 - 15)*(-1 + (1 - 461))?
3, 461
Let t = 14 - 12. Suppose -t*i = -4*i + 64. What are the prime factors of 1 + i*1 + 3?
2, 3
Suppose -d + 14 = -8*d. Let h be (-6)/((-3)/6*d). What are the prime factors of (2 + h)*59/(-4)?
59
Let f = 601 + 814. List the prime factors of f.
5, 283
Suppose 3 = -2*u + t, 3*t = 5*u - 2*t. Let n = 20 + u. List the prime factors of n.
17
Suppose 2*v + 551 = 6*v - l, 3*v = 3*l + 411. Suppose -3*h + a = -170 - v, -5 = a. List the prime factors of h.
101
Suppose 56*f - 3470 = 46*f. What are the prime factors of f?
347
Suppose 2*u + 66*l - 70*l - 1274 = 0, -5*u = -5*l - 3210. List the prime factors of u.
647
Suppose 0 = z - 3 - 2. Suppose 0 = z*i - 518 + 73. List the prime factors of i.
89
Let m(d) = -d + 1. Let y(r) = -2*r - 6. Let s(k) = -1. Let p(i) = -18*s(i) + 2*y(i). Let u(x) = -2*m(x) - p(x). What are the prime factors of u(7)?
2, 17
Let r(s) = 4*s**3 - 10*s**2 - 43*s + 378. List the prime factors of r(12).
2, 3, 7, 127
Let m = 28 + -55. What are the prime factors of -4*(1*3 + m + 5)?
2, 19
Let n be (3 - -42)*(-2)/(-3). Suppose -4*b + n = 8*y - 3*y, -5*y + 5 = -b. What are the prime factors of ((-2 - y) + -4)/(-1)?
2
Let y(m) = 38*m**2 + 18*m + 66. What are the prime factors of y(-8)?
2, 11, 107
Let u be (-26)/1*(0 + -6). Suppose 5*a + 810 = -5*h, 2*h = a - 0*h + u. What are the prime factors of (36/(-5))/(48/a)?
2, 3
Suppose -2*j - 4*m + 2*m = 62, 5*j + 145 = 5*m. List the prime factors of (-221)/(-2) + 45/j.
109
Let r = 1099 - 356. What are the prime factors of r?
743
Let j(r) = 25*r**2 + 37*r - 151. What are the prime factors of j(8)?
5, 349
Let f = -1554 - -2262. What are the prime factors of (f/16)/((-12)/(-16))?
59
Let b(p) = 22*p + 63. What are the prime factors of b(8)?
239
Let d(g) = -g - 6. Let t be d(-6). Suppose 0 = m - 6 - t. Suppose 4*x - m*x = -32. List the prime factors of x.
2
Let r = -70 + 60. List the prime factors of (1 - 0)*(1 + r)*-10.
2, 3, 5
Let o = 10 - 8. Suppose 0*r = 2*r - o*k - 24, 60 = 4*r - k. Suppose 4*u - 5*u + r = 0. List the prime factors of u.
2
Suppose -w + 4*q = -1185, -3*w + 5*q = -0*q - 3527. What are the prime factors of w?
7, 167
Suppose o + 3*o - 28 = -4*d, 0 = -o + d - 1. Suppose -5*s = -4*k + o*k - 628, 0 = 5*s + 3*k - 616. What are the prime factors of s?
5
List the prime factors of (538 + 0)*((-33)/6)/(-11).
269
Let k(q) be the third derivative of q**5/60 + q**4/24 + 10*q**3 + 5*q**2. Let b be k(0). Suppose 4*h = h + b. List the prime factors of h.
2, 5
List the prime factors of 159*(-7)/(21/(-4)) - -1.
3, 71
Suppose 0 = 5*y + 2*o + o - 27, -2*y = -2*o - 14. Let x be 36/(y/2) + 0. Let w = 19 - x. What are the prime factors of w?
7
Suppose -82 - 2586 = -4*o. What are the prime factors of o?
23, 29
Suppose 0 = 2*h - 5*f - 2194, 12*h - f = 7*h + 5439. What are the prime factors of h?
1087
Let b be -1 + 10/6 + 14/42. What are the prime factors of -1 + b + 294 + 1?
5, 59
Let t(i) = 4*i - 21. Let r be -4*(-2 - -3) - -4. Suppose 2*m - 16 = 3*v, -2*v = -m - r*v + 7. What are the prime factors of t(m)?
23
Let m(y) = -y**3 - 6*y**2 - 2*y - 4. Let x = 19 - 26. List the prime factors of m(x).
59
Let w(h) = h**2 + h + 4. Let t be w(0). Suppose 0 = -i + 4*o - 18, -4*i + t = -2*o + 6. What are the prime factors of 12 + -2 + i + 2?
2, 7
Let z(m) = 1. Let i(h) = 27*h - 3. Let k(u) = i(u) + 3*z(u). Suppose 0*f - 12 = -5*t - f, -t - 2*f = -6. What are the prime factors of k(t)?
2, 3
Suppose -2948 = -h + 5*z, 3005 = 2*h - z - 2846. What are the prime factors of h?
37, 79
Suppose -5*w + 26 = -4. Let y be w/(-9)*6 + 67. Suppose -2*o = -y + 1. What are the prime factors of o?
31
Let j(w) be the first derivative of w**4/4 + 14*w**3/3 - w**2/2 + 19*w + 10. What are the prime factors of j(-14)?
3, 11
Let i = -89 - -89. Suppose i = -3*p + 2*p + 103. What are the prime factors of p?
103
Let v = 402 - 48. List the prime factors of v.
2, 3, 59
Suppose -50*j - 3*h - 2952 = -51*j, 5877 = 2*j + 3*h. What are the prime factors of j?
3, 109
Let r(b) = 79*b - 70. List the prime factors of r(2).
2, 11
Let j = -84 + 653. List the prime factors of j.
569
Let z(y) = -y**3 - 10*y**2. Let t be z(-10). Suppose -4*r + t = -40. List the prime factors of r + (-4 - 8/(-4)).
2
Let a = 82 + 2941. What are the prime factors of a?
3023
Suppose 0 = -3*g + 30 - 6. Let k = 11 - 6. Suppose 0 = p + 2*u - g, k*p = 4*u + 138 - 28. What are the prime factors of p?
2, 3
Suppose m + 8 = -6. What are the prime factors of (-1072)/m + (-6)/(-14)?
7, 11
Let a(r) = -r - 2. Let x be a(-1). What are the prime factors of x/(21/(-18))*14?
2, 3
Suppose -7*z = -9*z + 6. Suppose 6*y - z*y = -2*t + 35, -56 = -4*y + 2*t. List the prime factors of y.
13
Let s = -3 - -1. Let b be -6 - (0 + -1)/1. What are the prime factors of s/(-5) - 43/b?
3
Let j be 0 + 2 - 4*(-1)/(-2). Suppose -o + 114 = 2*l - 0*l, 4*l - 8 = j. What are the prime factors of o?
2, 5, 11
Let t = -2 - -9. Let s be (-62)/(-4)*(-5 + t). Let r = s - -17. List the prime factors of r.
2, 3
Suppose -2*o + 65 = 3*o. Let h(c) = -c**2 + 13*c + 12. Let v be h(o). Let d = v - -2. What are the prime factors of d?
2, 7
Let p = 83 + -59. Let f be (-6)/(-8) - (-6)/p. List the prime factors of 19/f + -6 + 6.
19
Let v(w) = 7*w**2 - 5. Let y(a) = -20*a**2 - a + 16. Let x(k) = 17*v(k) + 6*y(k). List the prime factors of x(-7).
2
Suppose -2*r + 16 = -3*a - 0*a, -2*a = -r + 9. Let o(d) = -d**3 - 2*d**2 - 2*d + 1. Let w be o(-4). Let h = w + a. What are the prime factors of h?
3, 13
Suppose -2*p = p - 4*o - 1265, -805 = -2*p - 5*o. List the prime factors of p.
5, 83
Suppose o = 2*o, 75 = -3*v - 5*o. Let y = v + 45. Let p = 47 + y. List the prime factors of p.
67
Let q be (5 + 19/(-5))/(6/100). List the prime factors of 3/(-10 - 2) - (-2165)/q.
2, 3
Let c = 53 - -123. What are the prime factors of c?
2, 11
Let o(q) = 159*q - 17. Let h be o(3). What are the prime factors of (h/12)/(1/3)?
5, 23
Let o(t) = 5*t**2 - 7*t - 14. Let p be o(8). Suppose 2*h - 3*a = p, -4*h + 2*a = -0*h - 484. Let l = h - 73. List the prime factors of l.
2, 23
Let w(c) = -c + 640. Let f be w(0). Suppose 0 = 6*h - f - 224. List the prime factors of h.
2, 3
Let a = -849 - -1052. What are the prime factors of a?
7, 29
Suppose -5*d - 790 = -3*t - 3510, 0 = 4*d - 3*t - 2176. What are the prime factors of d?
2, 17
Let a(d) = d**2 + 11*d - 4. Let q be a(-8). Let w = q + 40. List the prime factors of w.
2, 3
Suppose -8 = -4*w - 4. Let d(l) = 3*l**3 + 17*l**3 + 1 - 1. What are the prime factors of d(w)?
2, 5
Let v(t) = t**3 - 15*t**2 - 21. Let u be v(15). Let d(i) = -i**2 + 4*i - 5. Let o be d(8). Let z = u - o. What are the prime factors of z?
2
Let k(d) = 8*d. Let r(f) = -319*f. Let w(v) = 242*k(v) + 6*r(v). Let t be w(-1). Let c = t + 59. What are the prime factors of c?
37
Let v = 162 + -137. Let j = -97 + 154. Let p = j - v. List the prime factors of p.
2
Suppose -36 = 2*r - r. Let n be (-3500)/r + 6/(-27). Suppose -3*i - 2*p + 90 = 0, 5*i - n = i + 5*p. What are the prime factors of i?
2, 7
Let j = -7 - -6. Let t be (12 - 13)*(j + -60). Suppose 0 = -6*i + t - 7. List the prime factors of i.
3
Let u(x) = -40*x - 3. Let a be u(3). Let r be 22/77 - 1/7*-19. What are the prime fac